git of ((-28)/y)/((-2)/(-10))?
7
Let s(y) be the second derivative of y**4/12 + 3*y**2/2 - y. Suppose 2*z + 3*z = 15. What is the units digit of s(z)?
2
Suppose 4*c + 3*h - 44 - 150 = 0, 3*h + 206 = 4*c. Suppose -5*o = c - 180. Let s = o + -6. What is the tens digit of s?
2
Suppose 0*r = 2*r - 6, -5*r - 527 = -2*y. What is the tens digit of y?
7
Let l = 366 + -90. What is the tens digit of l?
7
Suppose 2*q - 184 = 3*y, 4*y = -2*q + y + 172. Suppose -r - 2*p + 21 = 0, -5*r = -p + 3*p - q. What is the units digit of r?
7
Let j = 69 - 48. What is the units digit of j?
1
Let d(m) = m**3 - 3*m**2 + 2*m - 2. What is the tens digit of d(4)?
2
Let f(t) = -7*t + 10*t + 2*t**2 - t**3 + 1 + t. Let w(x) = -x**3 - 5*x**2 - x - 2. Let i be w(-5). What is the units digit of f(i)?
4
Let z = 8 - 1. Let b(s) = s - 1. Let h(n) = 6*n - 14. Let l(w) = -4*b(w) + h(w). What is the units digit of l(z)?
4
Let n = 21 + -10. Suppose n + 21 = x. What is the units digit of x?
2
Let h(i) = -12*i**3 - i**2 + i + 1. What is the tens digit of h(-1)?
1
Let a(l) = -6*l + 5. Let n(g) = -g + 1. Let o(c) = -a(c) + 5*n(c). Let w(z) = -4*z - 1. Let y(t) = 7*o(t) + 2*w(t). What is the units digit of y(-4)?
2
Let k be 9/(1 + 1 + -3). Let s be (k - (0 - -3))/(-2). Suppose 3*f + s = 0, 2*p - p = 4*f + 13. What is the units digit of p?
5
Let q(v) = -125*v**3 + 3*v**2 + 2*v - 1. What is the tens digit of q(-1)?
2
Suppose 0 = -4*i + 5*v + 28, -5*i + 32 = -3*v + 10. Let m(k) = -3*k**3 + 4*k**2 - 4*k + 2. Let u be m(i). What is the units digit of -30*(1 - u/(-10))?
2
Suppose 0 = 4*m - 648 + 176. What is the units digit of m?
8
Let r(b) be the third derivative of -b**5/60 + 3*b**4/8 + b**2. Let j(x) = 2*x**2 - 17*x - 1. Let q(w) = -3*j(w) - 5*r(w). What is the tens digit of q(3)?
1
Let q(u) = 10*u + 1. Let w be q(-3). Let v = -14 - w. What is the units digit of v?
5
Let q = -5 - -2. Let x = q - -5. What is the units digit of x?
2
Suppose 3*w - 2*h + h = 68, -73 = -3*w + 2*h. Let j = w + -10. What is the units digit of j?
1
Let t(c) = c**2 - 2*c + 6. What is the tens digit of t(-4)?
3
Suppose 3*r = h + 2, 5*h - 3 = 3*r - 1. What is the units digit of h?
1
Suppose -3 = y, 4*y + 1274 = 3*d + 437. What is the tens digit of d?
7
Let h(w) = w**3 + 2*w**2 - 2*w - 2. Let z be h(2). What is the units digit of z - (0 + 0) - 1?
9
Suppose -2*l + 13 = 1. Suppose 2*f + f - 48 = 0. Let a = f + l. What is the units digit of a?
2
Let s be (-2)/9 + 2112/27. Suppose -4*u + 0 = 3*j - 2, u - j - 4 = 0. Suppose -69 = -6*x + u*x + 5*c, 3*x - s = -5*c. What is the units digit of x?
1
Let u = -8 - -13. Suppose -4*b + 4 = 0, -u*n - 5*b + 0*b = -75. Let m = 23 - n. What is the units digit of m?
9
Suppose 4*j = -0*j + 4*u + 156, -3*j + 125 = u. What is the units digit of j?
1
Let x be (0 - 7)/((-2)/22). Suppose j + 4*t + 15 - 40 = 0, -4*t = 5*j - x. What is the tens digit of j?
1
Let w(l) = 30*l. Let j be w(4). What is the tens digit of (-7)/(-4)*j/6?
3
Let l be ((-16)/(-12))/(1/(-3)). Let z be (-3 - 7)*2/l. Suppose 0*a - z*a + 5 = 0. What is the units digit of a?
1
Suppose 64 = 6*s - 2*s. Suppose 76 = 3*q + 5*v, 4*v - s - 4 = 0. What is the tens digit of q?
1
What is the tens digit of (-3518)/(-8) + (44/16)/11?
4
Let c be (3/6)/(1/30). Let f = c - 10. Suppose 2*z - 19 = -f*n, -z - 5 = -n + 3. What is the units digit of n?
5
Let w(b) = b**2 - 10*b + 10. Let u be w(9). Let p be (-3)/9*(-16 + u). Suppose -p*s = -16 - 14. What is the units digit of s?
6
Let o(j) = j**3 + 12*j**2 - 10. Let s be o(-12). Let y = s - -48. What is the units digit of y?
8
Let g = 74 + -37. What is the units digit of g?
7
Let d(v) = -2*v**2 - 3*v + 3*v**2 + v - 1. Let o be d(3). Suppose 2*b - x = 4*x + 2, -x = o*b - 2. What is the units digit of b?
1
Suppose 3*y + 7*d - 2*d + 29 = 0, 3*d + 27 = -3*y. What is the tens digit of (-48)/9*42/y?
2
Suppose -5*h = -4*p + 70 + 75, 0 = -4*p + h + 157. What is the tens digit of p?
4
Suppose 3*q + 3 = 9. Suppose -36 = q*t - 5*t. What is the tens digit of t?
1
Suppose 4*j + 0*j - 12 = 0. Suppose 2*h + 40 = 2*t, -h = 3*t - j*h - 63. What is the tens digit of t?
2
Suppose 2*v + 2*u = 158, 2*v - 262 = -v + 2*u. What is the units digit of v?
4
Let a(m) = -182*m + 19. What is the units digit of a(-2)?
3
Suppose -37 = -3*r + 38. Let i be (-4)/(-8) - r/(-2). Let c = 20 - i. What is the units digit of c?
7
What is the tens digit of ((-12)/(-15))/((-8)/(-920))?
9
Let t(b) = -b**2 - 14*b + 3. What is the units digit of t(-7)?
2
Suppose 3*d = 4*d - 8. Let z = 12 + -7. Suppose -7*a = -z*a - d. What is the units digit of a?
4
Suppose -r + 3*r + n = 20, -5*n + 28 = r. Suppose 2*t + 12 = -12. What is the units digit of 18/r + 3/t?
2
Suppose 5*b = -m + 9, -4*b - 5 = 3*m - 43. Let v = -2 + m. What is the tens digit of v?
1
Suppose 1 - 40 = -3*c. Let x be (6/1)/2 - 3. Suppose x = -3*b + 4*b - c. What is the units digit of b?
3
Let g = 76 - 38. Let i = g - 10. What is the units digit of i?
8
What is the units digit of (30 + -1)*11 + (0 - -3)?
2
Suppose -5*s - 4 = 4*r - 359, r - 71 = -s. What is the tens digit of s?
7
Suppose -4*d + 8*d = 0. Suppose d = -6*l + 2*l - 4*m + 188, m - 1 = 0. What is the units digit of l?
6
Let b = 2 - -4. Suppose -m - 3*n = -3*m + 10, 5*m - b = -2*n. What is the units digit of m?
2
Let k(u) be the first derivative of 11*u - 1/2*u**2 + 3. What is the units digit of k(10)?
1
Let s(j) = 3*j + 7. Let c be s(6). Suppose 4*g = 0, -3*g + c = 4*f - 55. What is the tens digit of f?
2
Let i(a) = -a**3 + 5*a**2 + 9*a - 4. Let s be i(6). What is the tens digit of (-4 - (-3 + 1)) + s?
1
Let a = 5 - 3. Suppose 0 = -2*b - n - 4, a*n - 3*n - 6 = 4*b. What is the units digit of 15/2 + b/2?
7
Suppose 2*j - n - 10 = 3, 5*j - 19 = -2*n. What is the units digit of j?
5
Suppose 3 = -3*y + 5*v, 0 = 4*y - v - v - 10. Suppose -f = -y*f + 165. What is the tens digit of f?
5
Suppose -10 = -2*z + 4*p + 2, -p - 3 = 4*z. Suppose z = 11*h - 16*h + 195. What is the tens digit of h?
3
Let p(w) = -w**3 + 3*w**2 + 2*w - 1. Suppose 3*o - 2*h = -3*h - 12, -6 = o + h. What is the tens digit of p(o)?
4
Suppose -z = 4*g - 6, 3*g - 8 = -3*z + g. Suppose -2*s + 26 = -2*k, 5*k - 4*k = z. What is the tens digit of s?
1
What is the units digit of (-1)/3*-1 - (-4807)/33?
6
Let f = 103 + 64. What is the tens digit of f?
6
Let x(j) = j**3 + 6*j**2 + 6*j + 5. Suppose -v - 5 - 13 = 5*d, 2*v - 24 = 5*d. What is the tens digit of x(d)?
1
Let x = -6 + -2. Let g(y) = y**3 + 8*y**2 - y - 10. Let p be g(x). What is the units digit of (44/6)/(p/(-3))?
1
Suppose -3*l + 8 = -6*u + 2*u, -3*u - 5 = -2*l. Let d = -2 + l. Suppose 1 = d*f - 5. What is the units digit of f?
3
Let h = -73 - -78. What is the units digit of h?
5
Let y = -50 - -71. Suppose -2*v + y = -5*u - 6, -u = -v + 12. What is the tens digit of v?
1
Suppose -2*y = -110 - 18. What is the tens digit of y?
6
Let w be 1 - 2/(-1) - -2. Suppose -4*m - 2*s = -78, -w*m + 0*s + 98 = 3*s. What is the units digit of m?
9
Let i be 2*(-1)/(-6)*3. Let q be (1 - i) + -1 + 6. Suppose -d + 21 = q. What is the units digit of d?
6
Let v = -12 - -11. Let b = 18 - v. What is the units digit of b?
9
Suppose 0 = -0*o - 3*o + 4*z - 34, 0 = -2*o - 2*z - 4. Let h = o + 4. What is the units digit of 54/3*h/(-4)?
9
Let u(v) = 2*v**3 - 2*v**2 - 3*v + 2. Let w be u(2). Suppose z - 4*z + w*b + 94 = 0, 112 = 4*z - 2*b. What is the tens digit of z?
2
Let y(l) = -l**3 + 8*l**2 - 8*l - 1. Let d = 21 + -15. What is the tens digit of y(d)?
2
Let l = 120 + -70. Let v = -23 + l. What is the units digit of v?
7
Let l = 127 + -58. What is the tens digit of l?
6
Suppose -d + 0*j + 13 = -5*j, -5*j = d + 7. Let y = -1 + d. What is the units digit of y?
2
Let s(a) = -a**3 - 4*a**2 + 2*a + 6. Let z be s(-4). Let t = 4 + z. Suppose 45 = t*q + q. What is the tens digit of q?
1
Let p(t) = 3*t. Suppose -m + 2*m = 3. Let g = 5 - m. What is the units digit of p(g)?
6
Let k(g) = -44*g - 1. Let d be (-3)/2 - 1/(-2). What is the tens digit of k(d)?
4
Let q(c) = 3*c**2 - 18*c + 0*c**2 + 20*c - 3. Let m be 2 - -1 - (-4)/(-4). What is the units digit of q(m)?
3
Suppose 2*c - 1 - 3 = 0, -5*c - 10 = 4*x. What is the units digit of 2 + x - -16 - -1?
4
Let j(c) = c**2 + 1. Let f be (6 + -6)/(1 - 2). Let m be j(f). What is the units digit of -1 + 3 + (